{"id":89,"date":"2020-08-31T13:00:33","date_gmt":"2020-08-31T11:00:33","guid":{"rendered":"http:\/\/wpmu.kbwbrands.de\/glasseele\/?page_id=24"},"modified":"2021-08-31T13:06:13","modified_gmt":"2021-08-31T11:06:13","slug":"kontakt","status":"publish","type":"page","link":"https:\/\/glas-seele.de\/metall\/kontakt\/","title":{"rendered":"Kontakt metall seele"},"content":{"rendered":"\n\t\t<div id=\"fws_69dc3034403eb\"  data-column-margin=\"default\" data-midnight=\"dark\" data-bottom-percent=\"5%\"  data-bg-mobile-hidden=\"true\" class=\"wpb_row vc_row-fluid vc_row full-width-section start\"  style=\"padding-top: 240px; padding-bottom: calc(100vw * 0.05); \"><div class=\"row-bg-wrap\" data-bg-animation=\"none\" data-bg-animation-delay=\"\" data-bg-overlay=\"false\"><div class=\"inner-wrap row-bg-layer using-image\" ><div class=\"row-bg viewport-desktop using-image\"  style=\"background-image: url(https:\/\/glas-seele.de\/metall\/wp-content\/uploads\/sites\/2\/2019\/05\/innenbereich-bei-glas-seele.jpg); background-position: center top; background-repeat: no-repeat; \"><\/div><\/div><\/div><div class=\"row_col_wrap_12 col span_12 dark left\">\n\t<div  class=\"vc_col-sm-6 wpb_column column_container vc_column_container col has-animation no-extra-padding inherit_tablet inherit_phone \"  data-padding-pos=\"all\" data-has-bg-color=\"false\" data-bg-color=\"\" data-bg-opacity=\"1\" data-animation=\"fade-in-from-left\" data-delay=\"0\" >\n\t\t<div class=\"vc_column-inner\" >\n\t\t\t<div class=\"wpb_wrapper\">\n\t\t\t\t\n<div class=\"wpb_text_column wpb_content_element \" >\n\t<div class=\"wpb_wrapper\">\n\t\t<h1>KONTAKT &amp; ANSPRECHPARTNER<\/h1>\n<h3>Meisterliche Qualit\u00e4t, hervorragender Service!<\/h3>\n<p>Unsere Mitarbeiter stehen Ihnen f\u00fcr Beratung und Verkauf gerne zur Verf\u00fcgung.<\/p>\n<h4>glas seele GmbH<\/h4>\n<p>Boschstra\u00dfe 2<br \/>\n86356 Neus\u00e4\u00df<\/p>\n<p>Telefon: <a style=\"text-decoration: none\" href=\"tel:+498212082900\">0821_208 290-0<\/a><br \/>\nTelefax: 0821_208 290-15<br \/>\nE-Mail: <a href=\"&#109;&#x61;&#105;&#x6c;t&#x6f;:&#105;&#x6e;&#102;&#x6f;&#64;&#x67;l&#97;&#x73;&#45;&#x73;e&#x65;l&#101;&#x2e;&#100;&#x65;\">&#105;&#x6e;&#x66;&#111;&#x40;&#x67;&#108;&#x61;&#x73;&#45;&#x73;&#x65;&#101;&#x6c;&#x65;&#46;&#x64;&#x65;<\/a><br \/>\n<a href=\"https:\/\/routing.openstreetmap.de\/?z=9&amp;center=49.017157%2C9.934387&amp;loc=48.404641%2C10.839537&amp;hl=de&amp;alt=0&amp;srv=0\" target=\"_blank\" rel=\"noopener noreferrer\">Routenplaner<\/a><\/p>\n<h4>\u00d6ffnungszeiten:<\/h4>\n<p>Mo.-Do. 07:30 \u2013 12:00 Uhr<br \/>\nMo.-Do. 13:00 \u2013 17:00 Uhr<br \/>\nFreitag\u00a0 07:30 \u2013 14:00 Uhr<\/p>\n<p>Sie k\u00f6nnen uns auch gerne sofort eine <a href=\"mai&#108;&#116;&#111;&#58;&#x69;&#x6e;&#x66;&#x6f;&#x40;&#x67;&#x6c;as-&#115;&#101;&#101;&#108;&#101;&#x2e;&#x64;&#x65;\">E-Mail<\/a> senden.<\/p>\n\t<\/div>\n<\/div>\n\n\n\n<div class=\"divider-wrap\" data-alignment=\"default\"><div style=\"height: 80px;\" class=\"divider\"><\/div><\/div>\n<div class=\"wpb_text_column wpb_content_element \" >\n\t<div class=\"wpb_wrapper\">\n\t\t<div class=\"forminator-ui forminator-custom-form forminator-custom-form-816   forminator_ajax\" data-forminator-render=\"0\" data-form=\"forminator-module-816\" data-uid=\"69dc303441080\"><br\/><\/div><form\r\n\t\t\t\tid=\"forminator-module-816\"\r\n\t\t\t\tclass=\"forminator-ui forminator-custom-form forminator-custom-form-816   forminator_ajax\"\r\n\t\t\t\tmethod=\"post\"\r\n\t\t\t\tdata-forminator-render=\"0\"\r\n\t\t\t\tdata-form-id=\"816\"\r\n\t\t\t\t\r\n\t\t\t\tdata-design=\"none\"\r\n\t\t\t\t\r\n\t\t\t\t\r\n\t\t\t\t\r\n\t\t\t\tdata-grid=\"open\"\r\n\t\t\t\t\r\n\t\t\t\t\r\n\t\t\t\tstyle=\"display: none;\"\r\n\t\t\t\t\r\n\t\t\t\tdata-uid=\"69dc303441080\"\r\n\t\t\t><div role=\"alert\" aria-live=\"polite\" class=\"forminator-response-message forminator-error\" aria-hidden=\"true\"><\/div><div class=\"forminator-row\"><div id=\"name-1\" class=\"forminator-field-name forminator-col forminator-col-6 \"><div class=\"forminator-field\"><label for=\"forminator-field-name-1_69dc303441080\" id=\"forminator-field-name-1_69dc303441080-label\" class=\"forminator-label\">Vorname <span class=\"forminator-required\">*<\/span><\/label><input type=\"text\" name=\"name-1\" value=\"\" placeholder=\"\" id=\"forminator-field-name-1_69dc303441080\" class=\"forminator-input forminator-name--field\" aria-required=\"true\" \/><\/div><\/div><div id=\"name-2\" class=\"forminator-field-name forminator-col forminator-col-6 \"><div class=\"forminator-field\"><label for=\"forminator-field-name-2_69dc303441080\" id=\"forminator-field-name-2_69dc303441080-label\" class=\"forminator-label\">Nachname <span class=\"forminator-required\">*<\/span><\/label><input type=\"text\" name=\"name-2\" value=\"\" placeholder=\"\" id=\"forminator-field-name-2_69dc303441080\" class=\"forminator-input forminator-name--field\" aria-required=\"true\" \/><\/div><\/div><\/div><div class=\"forminator-row\"><div id=\"address-1\" class=\"forminator-field-address forminator-col forminator-col-12 \"><div class=\"forminator-row\" data-multiple=\"false\"><div id=\"address-1-zip\" class=\"forminator-col forminator-col-12\"><div class=\"forminator-field\"><label for=\"forminator-field-address-1-zip_69dc303441080\" id=\"forminator-field-address-1-zip_69dc303441080-label\" class=\"forminator-label\">Postleitzahl Ihres Bauvorhabens<\/label><input type=\"text\" name=\"address-1-zip\" placeholder=\"\" id=\"forminator-field-address-1-zip_69dc303441080\" class=\"forminator-input\" value=\"\" \/><\/div><\/div><\/div><\/div><\/div><div class=\"forminator-row\"><div id=\"phone-1\" class=\"forminator-field-phone forminator-col forminator-col-6 \"><div class=\"forminator-field\"><label for=\"forminator-field-phone-1_69dc303441080\" id=\"forminator-field-phone-1_69dc303441080-label\" class=\"forminator-label\">Telefonnummer f\u00fcr R\u00fcckfragen<\/label><input type=\"text\" name=\"phone-1\" value=\"\" placeholder=\"\" id=\"forminator-field-phone-1_69dc303441080\" class=\"forminator-input forminator-field--phone\" data-required=\"\" aria-required=\"false\" autocomplete=\"off\" data-validation=\"1\" \/><\/div><\/div><div id=\"email-1\" class=\"forminator-field-email forminator-col forminator-col-6 \"><div class=\"forminator-field\"><label for=\"forminator-field-email-1_69dc303441080\" id=\"forminator-field-email-1_69dc303441080-label\" class=\"forminator-label\">E-Mail-Adresse <span class=\"forminator-required\">*<\/span><\/label><input type=\"email\" name=\"email-1\" value=\"\" placeholder=\"\" id=\"forminator-field-email-1_69dc303441080\" class=\"forminator-input forminator-email--field\" data-required=\"1\" aria-required=\"true\" \/><\/div><\/div><\/div><div class=\"forminator-row\"><div id=\"textarea-1\" class=\"forminator-field-textarea forminator-col forminator-col-12 \"><div class=\"forminator-field\"><label for=\"forminator-field-textarea-1_69dc303441080\" id=\"forminator-field-textarea-1_69dc303441080-label\" class=\"forminator-label\">Ihre Anfrage <span class=\"forminator-required\">*<\/span><\/label><textarea name=\"textarea-1\" placeholder=\"\" id=\"forminator-field-textarea-1_69dc303441080\" class=\"forminator-textarea\" rows=\"6\" style=\"min-height:140px;\" ><\/textarea><span id=\"forminator-field-textarea-1_69dc303441080-description\" class=\"forminator-description\"><span data-limit=\"600\" data-type=\"words\" data-editor=\"\">0 \/ 600<\/span><\/span><\/div><\/div><\/div><div class=\"forminator-row\"><div id=\"html-1\" class=\"forminator-field-html forminator-col forminator-col-12 \"><div class=\"forminator-field forminator-merge-tags\" data-field=\"html-1\"><label class=\"forminator-label\">Datenschutz<\/label><p>Die eingegebenen Daten werden im Rahmen der Bearbeitung Ihrer Anfrage elektronisch verarbeitet und gespeichert. Rechtsgrundlage ist Art. 6 Abs.1 lit. f DS-GVO (berechtigte Interessen). Sie haben die M\u00f6glichkeit der Datenverarbeitung per E-Mail an <a href=\"&#x6d;&#x61;&#x69;&#x6c;&#x74;&#x6f;&#x3a;&#x64;&#97;&#116;&#101;&#110;&#115;&#99;&#104;utz&#64;&#x67;&#x6c;&#x61;&#x73;&#x2d;&#x73;&#x65;&#x65;&#x6c;&#101;&#46;&#100;&#101;\">&#x64;&#x61;&#116;e&#x6e;&#x73;&#x63;&#104;u&#x74;&#x7a;&#x40;&#103;l&#x61;&#x73;&#x2d;&#115;e&#x65;&#x6c;&#x65;&#46;d&#x65;<\/a> oder an die anderen bekannten Kontaktdaten zu widersprechen. Weitere Informationen zur Datenverarbeitung k\u00f6nnen Sie unserer <a href=\"https:\/\/glas-seele.de\/datenschutzerklaerung\/\" target=\"_blank\" rel=\"noopener\">Datenschutzerkl\u00e4rung<\/a> entnehmen.<\/p><\/div><\/div><\/div><div class=\"forminator-row\"><div id=\"captcha-1\" class=\"forminator-field-captcha forminator-col forminator-col-12 \"><div class=\"forminator-captcha-left forminator-g-recaptcha\" data-theme=\"light\"  data-sitekey=\"6LcYvaQUAAAAAJ2QszvOhEkyJ6D72J9rGhKMX3fb\" data-size=\"normal\"><\/div> <\/div><\/div><input type=\"hidden\" name=\"referer_url\" value=\"\" \/><div class=\"forminator-row forminator-row-last\"><div class=\"forminator-col\"><div class=\"forminator-field\"><button class=\"forminator-button forminator-button-submit\">Anfrage &uuml;bermitteln<\/button><\/div><\/div><\/div><input type=\"hidden\" id=\"forminator_nonce\" name=\"forminator_nonce\" value=\"43d4e44ee0\" \/><input type=\"hidden\" name=\"_wp_http_referer\" value=\"\/metall\/wp-json\/wp\/v2\/pages\/89\" \/><input type=\"hidden\" name=\"form_id\" value=\"816\"><input type=\"hidden\" name=\"page_id\" value=\"89\"><input type=\"hidden\" name=\"form_type\" value=\"\"><input type=\"hidden\" name=\"current_url\" value=\"https:\/\/glas-seele.de\/metall\/kontakt\/\"><input type=\"hidden\" name=\"render_id\" value=\"0\"><input type=\"hidden\" name=\"action\" value=\"forminator_submit_form_custom-forms\"><label for=\"input_7\" class=\"forminator-hidden\" aria-hidden=\"true\">Bitte f\u00fclle dieses Feld nicht aus. <input id=\"input_7\" type=\"text\" name=\"input_7\" value=\"\" autocomplete=\"off\"><\/label><\/form>\n\t<\/div>\n<\/div>\n\n\n\n\n\t\t\t<\/div> \n\t\t<\/div>\n\t<\/div> \n\n\t<div  class=\"vc_col-sm-6 wpb_column column_container vc_column_container col no-extra-padding inherit_tablet inherit_phone \"  data-padding-pos=\"all\" data-has-bg-color=\"false\" data-bg-color=\"\" data-bg-opacity=\"1\" data-animation=\"\" data-delay=\"0\" >\n\t\t<div class=\"vc_column-inner\" >\n\t\t\t<div class=\"wpb_wrapper\">\n\t\t\t\t\n\t\t\t<\/div> \n\t\t<\/div>\n\t<\/div> \n<\/div><\/div>\n\t\t<div id=\"anfahrt\"  data-column-margin=\"default\" data-midnight=\"dark\"  class=\"wpb_row vc_row-fluid vc_row full-width-content vc_row-o-equal-height vc_row-flex vc_row-o-content-top\"  style=\"padding-top: 0px; padding-bottom: 0px; \"><div class=\"row-bg-wrap\" data-bg-animation=\"none\" data-bg-animation-delay=\"\" data-bg-overlay=\"false\"><div class=\"inner-wrap row-bg-layer\" ><div class=\"row-bg viewport-desktop\"  style=\"\"><\/div><\/div><\/div><div class=\"row_col_wrap_12 col span_12 dark left\">\n\t<div  class=\"vc_col-sm-12 wpb_column column_container vc_column_container col no-extra-padding inherit_tablet inherit_phone \"  data-padding-pos=\"all\" data-has-bg-color=\"false\" data-bg-color=\"\" data-bg-opacity=\"1\" data-animation=\"\" data-delay=\"0\" >\n\t\t<div class=\"vc_column-inner\" >\n\t\t\t<div class=\"wpb_wrapper\">\n\t\t\t\t<div id=\"map_69dc3034444ee\" style=\"height: 700px;\" class=\"nectar-leaflet-map\" data-infowindow-start-open=\"1\" data-dark-color-scheme=\"\" data-marker-style=\"nectar\" data-nectar-marker-color=\"accent-color\" data-ultra-flat=\"\" data-greyscale=\"1\" data-extra-color=\"\" data-enable-animation=\"false\" data-enable-zoom=\"\" data-zoom-level=\"13\" data-center-lat=\"48.4045792\" data-center-lng=\"10.8395208\" data-marker-img=\"\"><\/div><div class=\"map_69dc3034444ee map-marker-list\"><div class=\"map-marker\" data-marker-image-width=\"50\" data-marker-image-height=\"50\" data-lat=\"48.4045792\" data-lng=\"10.8395208\" data-mapinfo=\"\"><\/div><\/div>\n\t\t\t<\/div> \n\t\t<\/div>\n\t<\/div> \n<\/div><\/div>\n","protected":false},"excerpt":{"rendered":"KONTAKT &amp; ANSPRECHPARTNER Meisterliche Qualit\u00e4t, hervorragender Service! Unsere Mitarbeiter stehen Ihnen f\u00fcr Beratung und Verkauf gerne zur Verf\u00fcgung. glas seele GmbH Boschstra\u00dfe 2 86356 Neus\u00e4\u00df Telefon: 0821_208 290-0 Telefax: 0821_208...","protected":false},"author":1,"featured_media":0,"parent":0,"menu_order":0,"comment_status":"closed","ping_status":"closed","template":"","meta":{"footnotes":""},"class_list":["post-89","page","type-page","status-publish"],"publishpress_future_action":{"enabled":false,"date":"2026-04-20 01:52:20","action":"change-status","newStatus":"draft","terms":[],"taxonomy":""},"publishpress_future_workflow_manual_trigger":{"enabledWorkflows":[]},"_links":{"self":[{"href":"https:\/\/glas-seele.de\/metall\/wp-json\/wp\/v2\/pages\/89","targetHints":{"allow":["GET"]}}],"collection":[{"href":"https:\/\/glas-seele.de\/metall\/wp-json\/wp\/v2\/pages"}],"about":[{"href":"https:\/\/glas-seele.de\/metall\/wp-json\/wp\/v2\/types\/page"}],"author":[{"embeddable":true,"href":"https:\/\/glas-seele.de\/metall\/wp-json\/wp\/v2\/users\/1"}],"replies":[{"embeddable":true,"href":"https:\/\/glas-seele.de\/metall\/wp-json\/wp\/v2\/comments?post=89"}],"version-history":[{"count":22,"href":"https:\/\/glas-seele.de\/metall\/wp-json\/wp\/v2\/pages\/89\/revisions"}],"predecessor-version":[{"id":2231,"href":"https:\/\/glas-seele.de\/metall\/wp-json\/wp\/v2\/pages\/89\/revisions\/2231"}],"wp:attachment":[{"href":"https:\/\/glas-seele.de\/metall\/wp-json\/wp\/v2\/media?parent=89"}],"curies":[{"name":"wp","href":"https:\/\/api.w.org\/{rel}","templated":true}]}}